a composite number?
False
Is 106542643 prime?
False
Is 133436981 a composite number?
True
Is 1898778755 a composite number?
True
Is 1789751 prime?
True
Is 38542937 a composite number?
True
Is 150331231 a composite number?
False
Is 1470523 a composite number?
False
Is 9102209 prime?
True
Is 431389 a composite number?
True
Is 320533 prime?
True
Is 19784707 composite?
False
Is 31068133 prime?
False
Is 5462867 a composite number?
False
Is 2279217 a composite number?
True
Is 1880573 prime?
True
Is 33197433 prime?
False
Is 19530607 prime?
True
Is 1417763 composite?
True
Is 84080489 a composite number?
True
Is 5160983 a prime number?
True
Is 218452841 prime?
False
Is 3348935 composite?
True
Is 24316399 a composite number?
False
Is 13579273 prime?
True
Is 31456237 a prime number?
True
Is 9433201 a composite number?
False
Is 38283653 composite?
False
Is 243515969 prime?
False
Is 556865 a prime number?
False
Is 37162813 composite?
False
Is 1498759 a prime number?
False
Is 436687 composite?
False
Is 2075287 composite?
True
Is 510829 a composite number?
True
Is 93802451 a prime number?
False
Is 8399693 a prime number?
False
Is 36581473 prime?
False
Is 2923573 a prime number?
False
Is 4116599 prime?
False
Is 61543759 prime?
False
Is 7364183 composite?
True
Is 65162369 a composite number?
True
Is 64604983 prime?
True
Is 3008771 a prime number?
False
Is 3014209 a composite number?
True
Is 29272543 composite?
False
Is 1299673 prime?
True
Is 902933 prime?
True
Is 112338653 prime?
False
Is 34738169 a prime number?
False
Is 101507981 a prime number?
False
Is 30771077 a composite number?
False
Is 715526557 prime?
True
Is 92163923 composite?
False
Is 30259109 prime?
True
Is 113867653 a prime number?
True
Is 131040887 prime?
True
Is 4195841 prime?
False
Is 2370439 a composite number?
True
Is 53626421 composite?
True
Is 16527569 prime?
True
Is 103218077 composite?
False
Is 775892393 a prime number?
False
Is 41680567 a prime number?
False
Is 116100209 composite?
False
Is 42505891 a prime number?
True
Is 42030827 prime?
True
Is 27373459 prime?
False
Is 233940166 prime?
False
Is 7771399 a composite number?
True
Is 148207687 a composite number?
True
Is 3607451 prime?
False
Is 252691 a prime number?
True
Is 146221771 prime?
True
Is 2402549 a prime number?
True
Is 35269039 prime?
False
Is 12040781 a prime number?
True
Is 121288737 a composite number?
True
Is 3380317 prime?
True
Is 130167029 a composite number?
False
Is 211124587 a composite number?
False
Is 193703 a prime number?
True
Is 12466547 a prime number?
True
Is 44424691 composite?
False
Is 486197 a composite number?
True
Is 919571 composite?
False
Is 51640599 composite?
True
Is 55687193 prime?
False
Is 76510249 a composite number?
False
Is 968717 composite?
True
Is 20444141 a prime number?
False
Is 2166541 a composite number?
True
Is 50620495 a composite number?
True
Is 3415567 a prime number?
True
Is 2729681 composite?
False
Is 2029967 prime?
True
Is 3225277 prime?
False
Is 231945877 composite?
False
Is 1677481 a composite number?
True
Is 10297946 a prime number?
False
Is 2377798 composite?
True
Is 144713011 prime?
True
Is 25029941 composite?
True
Is 871539101 composite?
True
Is 52292057 a prime number?
True
Is 9092623 a composite number?
True
Is 184808483 prime?
True
Is 31711271 prime?
True
Is 506802109 composite?
True
Is 15229999 a composite number?
False
Is 19183061 composite?
True
Is 15877871 composite?
False
Is 15870769 a composite number?
False
Is 80309 a prime number?
True
Is 215944009 prime?
True
Is 3635999 prime?
True
Is 257906849 a composite number?
True
Is 13734737 a prime number?
False
Is 600407 a composite number?
False
Is 2113087 a composite number?
False
Is 339067 a composite number?
False
Is 848301 a prime number?
False
Is 241463 prime?
True
Is 444734 composite?
True
Is 6294191 a composite number?
True
Is 155369149 a prime number?
False
Is 47374579 composite?
True
Is 294346589 composite?
False
Is 26523157 a prime number?
False
Is 1903117 a composite number?
False
Is 1130561 prime?
True
Is 15817943 composite?
False
Is 3354269 composite?
False
Is 132436243 composite?
True
Is 120584818 prime?
False
Is 8068469 composite?
True
Is 13167967 prime?
False
Is 10596241 composite?
False
Is 2507011 composite?
True
Is 63588997 a composite number?
True
Is 1434312901 a prime number?
False
Is 1190693 a composite number?
True
Is 30157045 prime?
False
Is 2599103057 composite?
False
Is 124322915 composite?
True
Is 62071 composite?
False
Is 2473387 a prime number?
False
Is 90929 prime?
False
Is 11546287 prime?
False
Is 176109811 prime?
False
Is 39699229 composite?
True
Is 933389 composite?
False
Is 1480459 a prime number?
True
Is 71041253 prime?
False
Is 1511981 composite?
True
Is 1715059 a prime number?
True
Is 17079191 a prime number?
True
Is 571128409 a prime number?
False
Is 557372383 composite?
True
Is 16503437 a composite number?
False
Is 3712993 a composite number?
True
Is 47060149 composite?
True
Is 718349 composite?
False
Is 76337623 composite?
True
Is 435989 composite?
True
Is 316200517 a prime number?
False
Is 12006283 composite?
False
Is 19268891 prime?
False
Is 104319707 prime?
True
Is 10961611 a prime number?
True
Is 3316843 a composite number?
False
Is 11387513 composite?
False
Is 949747 a composite number?
True
Is 4295897 composite?
False
Is 1672039 a prime number?
False
Is 54856463 a prime number?
True
Is 12971597 prime?
True
Is 6240599 a composite number?
True
Is 11870491 prime?
True
Is 148779343 a composite number?
True
Is 246874139 a prime number?
True
Is 1750493 prime?
True
Is 8690221 prime?
True
Is 4192603 composite?
False
Is 41297309 a composite number?
False
Is 42245501 composite?
False
Is 103344323 composite?
True
Is 7852687 a composite number?
True
Is 3990203 a prime number?
False
Is 6177841 composite?
True
Is 423543431 prime?
True
Is 4641995 a composite number?
True
Is 6346859 a composite number?
False
Is 7972879 prime?
True
Is 7431959 a composite number?
False
Is 61111205 a prime number?
False
Is 312691 prime?
False
Is 1796329 composite?
True
Is 584141 prime?
True
Is 10018357 composite?
False
Is 119219941 a composite number?
True
Is 6802127 a prime number?
False
Is 65440423 a prime number?
False
Is 10947361 a prime number?
False
Is 5825471 composite?
True
Is 8798047 a composite number?
False
Is 2273267 a prime number?
True
Is 148647377 a composite number?
False
Is 2953943 prime?
False
Is 84183833 composite?
False
Is 240393841 a prime number?
True
Is 132816983 prime?
False
Is 36201371 a prime number?
False
Is 125990183 a composite number?
True
Is 782371 a prime number?
True
Is 829970545 a prime number?
False
Is 30049613 prime?
False
Is 5116262 composite?
True
Is 9248441 prime?
False
Is 81415409 composite?
False
Is 645102457 a composite number?
False
Is 20606507 a prime number?
False
Is 742828211 composite?
False
Is 5380147 a composite number?
False
Is 8016109 prime?
True
Is 93174659 a composite number?
True
Is 9342415 prime?
False
Is 124832297 prime?
True
Is 141110465 prime?
False
Is 7467407 prime?
False
Is 165479529 composite?
True
Is 159971 a composite number?
True
Is 32633551 prime?
True
Is 608217019 a prime number?
True
Is 206898103 a composite number?
True
Is 58401329 composite?
True
Is 6370081 composite?
True
Is 4263673 a composite number?
True
Is 4179667 a prime number?
True
Is 2825353 a prime number?
True
Is 33485443 a composite number?
False
Is 6848171 a composite number?
True
Is 273974087 a composite number?
True
Is 239083879 composite?
False
Is 3093023 composite?
True
Is 255502393 composite?
False
Is 62459671 composite?
False
Is 25511411 composite?
True
Is 2312477 prime?
True
Is 1840747 a prime number?
True
Is 3573797 prime?
False
Is 3584047 a prime number?
True
Is 180172199 composite?
False
Is 1354931 a prime number?
True
Is 1898663 composite?
True
Is 7132933 a prime number?
True
Is 239195587 a prime number?
True
Is 41448926 a prime number?
False
Is 11736013 prime?
False
Is 254368663 composite?
True
Is 104677735 a prime number?
False
Is 244573 prime?
False
Is 61477231 a prime number?
True
Is 2343269 prime?
True
Is 183931997 composite?
False
Is 10460141 a composite number?
False
Is 13688677 a composite number?
False
Is 13818173 prime?
False
Is 854557 composite?
True
Is 33302